usands digit of 28411775?
4
What is the millions digit of 316203261?
6
What is the ten thousands digit of 179948052?
4
What is the tens digit of 78228422?
2
What is the hundred millions digit of 2137936656?
1
What is the millions digit of 4544772196?
4
What is the ten millions digit of 10102549?
1
What is the hundreds digit of 5393733567?
5
What is the ten millions digit of 538361316?
3
What is the tens digit of 79109541?
4
What is the millions digit of 2157866710?
7
What is the hundreds digit of 954466781?
7
What is the tens digit of 8610945681?
8
What is the units digit of 51949756?
6
What is the ten millions digit of 11651572?
1
What is the hundred millions digit of 166749228?
1
What is the units digit of 13263251?
1
What is the tens digit of 3914579?
7
What is the tens digit of 15425810?
1
What is the hundreds digit of 4499472678?
6
What is the millions digit of 210333173?
0
What is the units digit of 835416322?
2
What is the thousands digit of 33951462?
1
What is the units digit of 846837413?
3
What is the hundred thousands digit of 43719789?
7
What is the ten millions digit of 199421899?
9
What is the tens digit of 247330529?
2
What is the tens digit of 56014140?
4
What is the millions digit of 25135514?
5
What is the ten millions digit of 55833116?
5
What is the thousands digit of 81859776?
9
What is the ten thousands digit of 2323838612?
3
What is the ten millions digit of 1103775986?
0
What is the millions digit of 177547054?
7
What is the hundred millions digit of 485303468?
4
What is the tens digit of 4564853679?
7
What is the tens digit of 289740500?
0
What is the units digit of 7835289?
9
What is the hundreds digit of 3637724388?
3
What is the hundreds digit of 292257407?
4
What is the millions digit of 1072907960?
2
What is the hundred millions digit of 2065753985?
0
What is the units digit of 1108945651?
1
What is the hundred millions digit of 6187260027?
1
What is the thousands digit of 285347366?
7
What is the millions digit of 36690600?
6
What is the thousands digit of 98315077?
5
What is the tens digit of 43398779?
7
What is the millions digit of 33723779?
3
What is the hundred thousands digit of 4006085?
0
What is the millions digit of 213293284?
3
What is the ten millions digit of 40744780?
4
What is the thousands digit of 606187?
6
What is the hundred thousands digit of 63298198?
2
What is the tens digit of 50328882?
8
What is the millions digit of 458025510?
8
What is the hundreds digit of 2200348009?
0
What is the units digit of 198550380?
0
What is the hundred millions digit of 214775977?
2
What is the hundreds digit of 70303809?
8
What is the ten millions digit of 42413537?
4
What is the ten millions digit of 2100086719?
0
What is the hundred millions digit of 1124104225?
1
What is the units digit of 1001901827?
7
What is the thousands digit of 220886417?
6
What is the units digit of 53682623?
3
What is the hundred thousands digit of 33261200?
2
What is the billions digit of 1645463349?
1
What is the units digit of 150966523?
3
What is the thousands digit of 27330765?
0
What is the ten millions digit of 326872455?
2
What is the tens digit of 1713391365?
6
What is the hundred millions digit of 251286986?
2
What is the millions digit of 12085245?
2
What is the hundreds digit of 2526997615?
6
What is the hundred millions digit of 428517825?
4
What is the thousands digit of 44876253?
6
What is the millions digit of 179462165?
9
What is the hundred millions digit of 983323900?
9
What is the tens digit of 1404599330?
3
What is the hundred thousands digit of 127973257?
9
What is the units digit of 3007294?
4
What is the units digit of 1569799617?
7
What is the thousands digit of 20318013?
8
What is the ten millions digit of 583047771?
8
What is the millions digit of 2073787629?
3
What is the ten thousands digit of 4366361384?
6
What is the thousands digit of 644490221?
0
What is the tens digit of 31023558?
5
What is the hundreds digit of 600660512?
5
What is the ten millions digit of 83517679?
8
What is the tens digit of 1785049637?
3
What is the hundred thousands digit of 2334459535?
4
What is the ten millions digit of 48228755?
4
What is the ten thousands digit of 784708370?
0
What is the ten thousands digit of 95075298?
7
What is the hundred millions digit of 146588642?
1
What is the hundreds digit of 278096108?
1
What is the hundreds digit of 897430099?
0
What is the ten thousands digit of 133360210?
6
What is the millions digit of 766421348?
6
What is the ten millions digit of 861973684?
6
What is the hundred thousands digit of 11655189?
6
What is the hundred thousands digit of 73309082?
3
What is the tens digit of 367698332?
3
What is the hundred thousands digit of 23357572?
3
What is the tens digit of 1096275710?
1
What is the millions digit of 3934050822?
4
What is the hundreds digit of 52401593?
5
What is the tens digit of 336706610?
1
What is the thousands digit of 2695274?
5
What is the ten millions digit of 187451452?
8
What is the tens digit of 2172773055?
5
What is the millions digit of 259487399?
9
What is the units digit of 713664718?
8
What is the ten thousands digit of 439144445?
4
What is the hundreds digit of 170254025?
0
What is the hundreds digit of 1873501240?
2
What is the millions digit of 150899610?
0
What is the tens digit of 1679284865?
6
What is the hundreds digit of 175078527?
5
What is the ten thousands digit of 579180143?
8
What is the billions digit of 1340717225?
1
What is the millions digit of 23392024?
3
What is the ten millions digit of 35502088?
3
What is the ten thousands digit of 83067398?
6
What is the hundred millions digit of 229601826?
2
What is the thousands digit of 23852185?
2
What is the ten millions digit of 192524703?
9
What is the ten millions digit of 595204080?
9
What is the billions digit of 2085283590?
2
What is the hundreds digit of 61003917?
9
What is the hundred millions digit of 180569874?
1
What is the millions digit of 685982538?
5
What is the units digit of 33088104?
4
What is the ten thousands digit of 54775161?
7
What is the billions digit of 1670029355?
1
What is the hundred millions digit of 285743475?
2
What is the ten millions digit of 231713822?
3
What is the hundreds digit of 1100685455?
4
What is the hundred thousands digit of 258571682?
5
What is the hundred thousands digit of 88090129?
0
What is the hundred thousands digit of 791277169?
2
What is the billions digit of 2781477137?
2
What is the thousands digit of 46259114?
9
What is the thousands digit of 205209695?
9
What is the ten millions digit of 1566678417?
6
What is the tens digit of 229871491?
9
What is the ten millions digit of 1067448879?
6
What is the tens digit of 49400390?
9
What is the hundreds digit of 8077700?
7
What is the billions digit of 5532395594?
5
What is the hundred thousands digit of 148691361?
6
What is the thousands digit of 231005783?
5
What is the millions digit of 51844233?
1
What is the hundreds digit of 892464926?
9
What is the tens digit of 41591545?
4
What is the ten thousands digit of 54276670?
7
What is the hundred millions digit of 168887083?
1
What is the ten thousands digit of 58074718?
7
What is the millions digit of 10275346?
0
What is the hundred thousands digit of 249626256?
6
What is the tens digit of 122366970?
7
What is the hundred thousands digit of 4642150?
6
What is the ten thousands digit of 76807732?
0
What is the ten thousands digit of 2705431939?
3
What is the ten thousands digit of 813774362?
7
What is the millions digit of 3804160334?
4
What is the tens digit of 270416881?
8
What is the hundred thousands digit of 8675841?
6
What is the hundred thousands digit of 1160840060?
8
What is the ten millions digit of 26830047?
2
What is the ten millions digit of 1884857850?
8
What is the hundred thousands digit of 977062647?
0
What is the units digit of 218261608?
8
What is the ten thousands digit of 1204078195?
7
What is the hundred thousands digit of 57003681?
0
What is the ten thousands digit of 49623525?
2
What is the hundred thousands digit of 70724167?
7
What is the hundred millions digit of 596940120?
5
What is the hundreds digit of 849300744?
7
What is the units digit of 15581733?
3
What is the millions digit of 56804273?
6
What is the hundreds